ate the remainder when 387 is divided by 15.
12
Calculate the remainder when 242 is divided by 17.
4
Calculate the remainder when 841 is divided by 267.
40
Calculate the remainder when 546 is divided by 38.
14
What is the remainder when 774 is divided by 198?
180
What is the remainder when 78 is divided by 27?
24
What is the remainder when 1096 is divided by 19?
13
What is the remainder when 1302 is divided by 651?
0
What is the remainder when 92 is divided by 84?
8
What is the remainder when 58 is divided by 20?
18
What is the remainder when 90 is divided by 13?
12
Calculate the remainder when 965 is divided by 88.
85
What is the remainder when 344 is divided by 152?
40
Calculate the remainder when 81 is divided by 13.
3
Calculate the remainder when 300 is divided by 17.
11
Calculate the remainder when 819 is divided by 14.
7
Calculate the remainder when 1579 is divided by 176.
171
Calculate the remainder when 13703 is divided by 149.
144
Calculate the remainder when 270 is divided by 16.
14
What is the remainder when 67 is divided by 4?
3
Calculate the remainder when 553 is divided by 45.
13
What is the remainder when 146 is divided by 3?
2
What is the remainder when 1280 is divided by 62?
40
Calculate the remainder when 607 is divided by 161.
124
Calculate the remainder when 69 is divided by 51.
18
Calculate the remainder when 86 is divided by 21.
2
What is the remainder when 190 is divided by 74?
42
What is the remainder when 1564 is divided by 29?
27
Calculate the remainder when 3076 is divided by 14.
10
What is the remainder when 831 is divided by 49?
47
Calculate the remainder when 390 is divided by 73.
25
Calculate the remainder when 120 is divided by 55.
10
Calculate the remainder when 876 is divided by 113.
85
Calculate the remainder when 338 is divided by 85.
83
Calculate the remainder when 7799 is divided by 166.
163
What is the remainder when 85 is divided by 4?
1
What is the remainder when 49 is divided by 27?
22
What is the remainder when 234 is divided by 63?
45
What is the remainder when 12406 is divided by 33?
31
What is the remainder when 292 is divided by 59?
56
What is the remainder when 33 is divided by 2?
1
Calculate the remainder when 734 is divided by 16.
14
What is the remainder when 141 is divided by 68?
5
Calculate the remainder when 346 is divided by 25.
21
What is the remainder when 218 is divided by 215?
3
What is the remainder when 820 is divided by 272?
4
Calculate the remainder when 2665 is divided by 54.
19
What is the remainder when 135 is divided by 74?
61
What is the remainder when 244 is divided by 19?
16
What is the remainder when 493 is divided by 153?
34
What is the remainder when 435 is divided by 19?
17
What is the remainder when 5190 is divided by 118?
116
What is the remainder when 347 is divided by 25?
22
Calculate the remainder when 674 is divided by 331.
12
What is the remainder when 560 is divided by 11?
10
Calculate the remainder when 262 is divided by 128.
6
What is the remainder when 389 is divided by 15?
14
What is the remainder when 143 is divided by 7?
3
What is the remainder when 96 is divided by 49?
47
What is the remainder when 565 is divided by 278?
9
Calculate the remainder when 158 is divided by 5.
3
What is the remainder when 214 is divided by 36?
34
What is the remainder when 1258 is divided by 178?
12
Calculate the remainder when 8026 is divided by 18.
16
What is the remainder when 1224 is divided by 404?
12
What is the remainder when 575 is divided by 286?
3
Calculate the remainder when 2894 is divided by 6.
2
What is the remainder when 1752 is divided by 20?
12
Calculate the remainder when 54 is divided by 21.
12
Calculate the remainder when 2018 is divided by 88.
82
What is the remainder when 172 is divided by 86?
0
Calculate the remainder when 1422 is divided by 57.
54
Calculate the remainder when 201 is divided by 69.
63
What is the remainder when 166 is divided by 56?
54
Calculate the remainder when 657 is divided by 6.
3
Calculate the remainder when 497 is divided by 70.
7
What is the remainder when 691 is divided by 77?
75
What is the remainder when 390 is divided by 99?
93
What is the remainder when 1793 is divided by 438?
41
Calculate the remainder when 2832 is divided by 26.
24
What is the remainder when 290 is divided by 56?
10
Calculate the remainder when 3959 is divided by 66.
65
Calculate the remainder when 52273 is divided by 5.
3
Calculate the remainder when 43 is divided by 2.
1
What is the remainder when 500 is divided by 24?
20
What is the remainder when 412 is divided by 110?
82
Calculate the remainder when 340 is divided by 83.
8
Calculate the remainder when 89 is divided by 30.
29
Calculate the remainder when 863 is divided by 72.
71
What is the remainder when 26 is divided by 4?
2
Calculate the remainder when 280 is divided by 92.
4
What is the remainder when 753 is divided by 20?
13
What is the remainder when 32 is divided by 23?
9
What is the remainder when 3 is divided by 3?
0
Calculate the remainder when 220 is divided by 111.
109
Calculate the remainder when 328 is divided by 131.
66
Calculate the remainder when 1079 is divided by 33.
23
What is the remainder when 551 is divided by 69?
68
Calculate the remainder when 3603 is divided by 35.
33
What is the remainder when 209 is divided by 73?
63
Calculate the remainder when 1638 is divided by 6.
0
Calculate the remainder when 289 is divided by 59.
53
Calculate the remainder when 176 is divided by 34.
6
Calculate the remainder when 584 is divided by 100.
84
What is the remainder when 403 is divided by 15?
13
Calculate the remainder when 236 is divided by 23.
6
Calculate the remainder when 283 is divided by 4.
3
Calculate the remainder when 1536 is divided by 44.
40
What is the remainder when 486 is divided by 72?
54
Calculate the remainder when 32 is divided by 1.
0
Calculate the remainder when 283 is divided by 60.
43
Calculate the remainder when 237 is divided by 17.
16
What is the remainder when 472 is divided by 52?
4
Calculate the remainder when 8144 is divided by 15.
14
Calculate the remainder when 366 is divided by 4.
2
What is the remainder when 461 is divided by 230?
1
What is the remainder when 4164 is divided by 198?
6
What is the remainder when 145 is divided by 17?
9
What is the remainder when 2958 is divided by 165?
153
Calculate the remainder when 94 is divided by 4.
2
Calculate the remainder when 146 is divided by 53.
40
What is the remainder when 567 is divided by 93?
9
What is the remainder when 501 is divided by 245?
11
Calculate the remainder when 574 is divided by 73.
63
What is the remainder when 3790 is divided by 41?
18
What is the remainder when 615 is divided by 162?
129
What is the remainder when 17930 is divided by 139?
138
Calculate the remainder when 459 is divided by 452.
7
Calculate the remainder when 35 is divided by 22.
13
Calculate the remainder when 38 is divided by 14.
10
What is the remainder when 303 is divided by 142?
19
Calculate the remainder when 63 is divided by 16.
15
Calculate the remainder when 567 is divided by 186.
9
Calculate the remainder when 838 is divided by 70.
68
Calculate the remainder when 2501 is divided by 23.
17
Calculate the remainder when 210 is divided by 44.
34
What is the remainder when 168 is divided by 100?
68
Calculate the remainder when 807 is divided by 8.
7
What is the remainder when 262 is divided by 38?
34
Calculate the remainder when 1039 is divided by 27.
13
Calculate the remainder when 63 is divided by 9.
0
What is the remainder when 298 is divided by 74?
2
Calculate the remainder when 7090 is divided by 9.
7
What is the remainder when 198 is divided by 3?
0
What is the remainder when 108 is divided by 37?
34
Calculate the remainder when 2133 is divided by 97.
96
What is the remainder when 802 is divided by 35?
32
Calculate the remainder when 2410 is divided by 31.
23
What is the remainder when 366 is divided by 68?
26
What is the remainder when 427 is divided by 72?
67
Calculate the remainder when 895 is divided by 13.
11
What is the remainder when 1384 is divided by 73?
70
Calculate the remainder when 5541 is divided by 554.
1
What is the remainder when 11161 is divided by 84?
73
Calculate the remainder when 95 is divided